housands digit of 1926130244?
1
What is the hundreds digit of 69731365?
3
What is the millions digit of 672748836?
2
What is the ten thousands digit of 2258934?
5
What is the hundred thousands digit of 84432949?
4
What is the millions digit of 163323060?
3
What is the tens digit of 693663643?
4
What is the millions digit of 348185611?
8
What is the ten millions digit of 1924006307?
2
What is the millions digit of 98521446?
8
What is the hundred thousands digit of 454589969?
5
What is the hundred thousands digit of 1059145?
0
What is the units digit of 197925796?
6
What is the hundreds digit of 122601462?
4
What is the tens digit of 39440561?
6
What is the millions digit of 88519706?
8
What is the millions digit of 844170158?
4
What is the units digit of 433338961?
1
What is the ten millions digit of 72325025?
7
What is the thousands digit of 161310341?
0
What is the units digit of 813889943?
3
What is the tens digit of 77272619?
1
What is the ten millions digit of 101136213?
0
What is the tens digit of 4231011272?
7
What is the hundred thousands digit of 1079483797?
4
What is the units digit of 10745466?
6
What is the ten millions digit of 2482010034?
8
What is the millions digit of 82731968?
2
What is the hundred thousands digit of 80143995?
1
What is the units digit of 158255972?
2
What is the tens digit of 385802772?
7
What is the millions digit of 451361634?
1
What is the thousands digit of 75792922?
2
What is the tens digit of 11998?
9
What is the units digit of 465832400?
0
What is the ten millions digit of 103654127?
0
What is the ten millions digit of 2268939698?
6
What is the millions digit of 18133452?
8
What is the tens digit of 207813091?
9
What is the units digit of 884571195?
5
What is the millions digit of 76420150?
6
What is the hundreds digit of 28710208?
2
What is the hundred millions digit of 284874253?
2
What is the tens digit of 75772172?
7
What is the millions digit of 23137542?
3
What is the units digit of 48879029?
9
What is the hundred thousands digit of 414274015?
2
What is the hundred thousands digit of 33318806?
3
What is the ten thousands digit of 455535023?
3
What is the ten millions digit of 226885465?
2
What is the tens digit of 14053648?
4
What is the millions digit of 32573695?
2
What is the thousands digit of 43065321?
5
What is the ten thousands digit of 1109497?
0
What is the hundreds digit of 93498006?
0
What is the hundred thousands digit of 43900891?
9
What is the ten thousands digit of 43284431?
8
What is the tens digit of 150976205?
0
What is the millions digit of 125342632?
5
What is the ten thousands digit of 16433459?
3
What is the units digit of 529082069?
9
What is the billions digit of 2488751641?
2
What is the hundred thousands digit of 5871378?
8
What is the units digit of 61238896?
6
What is the hundred thousands digit of 199801106?
8
What is the hundred thousands digit of 300084573?
0
What is the millions digit of 7069069980?
9
What is the thousands digit of 19005751?
5
What is the tens digit of 293442354?
5
What is the thousands digit of 26880617?
0
What is the hundred millions digit of 1713323474?
7
What is the hundred thousands digit of 515190334?
1
What is the thousands digit of 29545707?
5
What is the hundred thousands digit of 438963537?
9
What is the hundreds digit of 51795361?
3
What is the ten millions digit of 621308693?
2
What is the hundreds digit of 78149144?
1
What is the hundred thousands digit of 501858808?
8
What is the hundreds digit of 4133517?
5
What is the thousands digit of 902359295?
9
What is the ten millions digit of 52479150?
5
What is the ten millions digit of 118348434?
1
What is the hundreds digit of 54324223?
2
What is the ten millions digit of 3293830184?
9
What is the units digit of 738483718?
8
What is the hundreds digit of 2383041301?
3
What is the units digit of 144389260?
0
What is the ten thousands digit of 62410059?
1
What is the thousands digit of 54266769?
6
What is the ten thousands digit of 83265640?
6
What is the units digit of 2097843248?
8
What is the millions digit of 29327870?
9
What is the ten thousands digit of 392602784?
0
What is the ten thousands digit of 71680578?
8
What is the billions digit of 3744330854?
3
What is the hundred millions digit of 2155967486?
1
What is the hundred thousands digit of 337195247?
1
What is the hundred millions digit of 4448262767?
4
What is the tens digit of 456540080?
8
What is the billions digit of 3424558993?
3
What is the millions digit of 132674742?
2
What is the millions digit of 1687317192?
7
What is the ten millions digit of 36476248?
3
What is the units digit of 439292332?
2
What is the tens digit of 759151326?
2
What is the hundreds digit of 1108086748?
7
What is the ten millions digit of 117055178?
1
What is the thousands digit of 457881873?
1
What is the hundred thousands digit of 958942049?
9
What is the units digit of 30590321?
1
What is the tens digit of 49645580?
8
What is the billions digit of 6285218390?
6
What is the units digit of 939953662?
2
What is the thousands digit of 57739598?
9
What is the ten thousands digit of 152742826?
4
What is the hundred millions digit of 1258741749?
2
What is the ten millions digit of 135090666?
3
What is the units digit of 2193787601?
1
What is the hundred millions digit of 180558327?
1
What is the tens digit of 2093437440?
4
What is the ten thousands digit of 700233554?
3
What is the millions digit of 39042138?
9
What is the hundred thousands digit of 437644857?
6
What is the ten millions digit of 33552614?
3
What is the hundreds digit of 181115044?
0
What is the ten millions digit of 181620747?
8
What is the ten millions digit of 157712059?
5
What is the hundred thousands digit of 853039316?
0
What is the hundreds digit of 2399330730?
7
What is the ten thousands digit of 85294649?
9
What is the millions digit of 3185446222?
5
What is the ten millions digit of 121747318?
2
What is the thousands digit of 9262100344?
0
What is the thousands digit of 2109597261?
7
What is the ten millions digit of 301009393?
0
What is the ten thousands digit of 44713478?
1
What is the tens digit of 636900337?
3
What is the hundred millions digit of 4340507997?
3
What is the ten thousands digit of 21482066?
8
What is the thousands digit of 15473398?
3
What is the units digit of 46786605?
5
What is the ten thousands digit of 104326230?
2
What is the units digit of 97368419?
9
What is the hundreds digit of 472875218?
2
What is the hundred thousands digit of 17347207?
3
What is the ten thousands digit of 5231301?
3
What is the tens digit of 2314778?
7
What is the units digit of 9110214?
4
What is the hundred thousands digit of 6257724?
2
What is the ten millions digit of 255471040?
5
What is the hundreds digit of 1024446996?
9
What is the ten thousands digit of 818190?
1
What is the units digit of 152679890?
0
What is the hundred thousands digit of 652075128?
0
What is the ten millions digit of 304618587?
0
What is the units digit of 433513490?
0
What is the ten thousands digit of 31999115?
9
What is the units digit of 2637961810?
0
What is the tens digit of 67005583?
8
What is the ten thousands digit of 355978246?
7
What is the ten thousands digit of 285406059?
0
What is the tens digit of 212977910?
1
What is the hundred thousands digit of 29520369?
5
What is the ten millions digit of 1289401463?
8
What is the units digit of 6715182?
2
What is the hundred thousands digit of 188298435?
2
What is the hundred millions digit of 4429894743?
4
What is the ten thousands digit of 95810688?
1
What is the millions digit of 3654280506?
4
What is the units digit of 56474146?
6
What is the tens digit of 2389262?
6
What is the tens digit of 1371252086?
8
What is the ten thousands digit of 214703703?
0
What is the units digit of 64761469?
9
What is the units digit of 3086264207?
7
What is the ten thousands digit of 98561048?
6
What is the millions digit of 836951702?
6
What is the hundreds digit of 248720730?
7
What is the hundred thousands digit of 20333337?
3
What is the ten thousands digit of 61844478?
4
What is the ten millions digit of 403353172?
0
What is the ten thousands digit of 68848949?
4
What is the ten thousands digit of 199233175?
3
What is the thousands digit of 5357529294?
